e prime factors of t?
2, 3, 7, 37
Let d(p) = 15*p**2. Let n be d(0). List the prime factors of 166 + ((-8)/4 - n).
2, 41
Suppose -j + 156 = -59. Suppose -3*m - j = -5*s + 2*m, s + 4*m = 48. List the prime factors of s.
2, 11
Let r(t) = -2*t**3 - 2*t**2 - 2*t + 78. Let l be r(0). Let v = -73 + l. Suppose v = f, m - 4*f - 70 = -f. List the prime factors of m.
5, 17
Let q = -2350 + 4334. Suppose -598 = -3*n + 5*h + 874, -4*n - 4*h = -q. What are the prime factors of n?
2, 13, 19
Let g = 403 - 261. Suppose -w + 75*s + 144 = 70*s, -4*s = -w + g. What are the prime factors of w?
2, 67
Let s be ((-1)/(-1) - 2)*1 - -4. Suppose 4*q = -0*q - s*c + 768, 4*c = -4*q + 764. Suppose 0*h - 3*h = -q. What are the prime factors of h?
5, 13
Suppose 0 = 5*p + h - 26, -2*h - 2 = -2*p + 6. Let c(x) = 27*x**2 + 8*x. Let f be c(p). Suppose 2*s + 0*s = 0, -f = -5*a - s. What are the prime factors of a?
11, 13
Suppose -6*u + 0*u - 5482 + 25168 = 0. What are the prime factors of u?
17, 193
Suppose -2229 = -2*b + 9179. Suppose 0 = 10*f + b - 15654. List the prime factors of f.
5, 199
Let s = 2 + -2. Suppose -5*d = -10*d + 2*c + 3132, -d + 3*c + 629 = s. Suppose -2*g = 4*v - 4*g - d, 480 = 3*v + 2*g. What are the prime factors of v?
2, 79
Suppose -3*h - 3*b + 9 = 0, -8*b = -4*h - 9*b + 9. Suppose t = h*t + s, 3*s = -5*t + 10. Suppose t*n = -43 + 163. What are the prime factors of n?
2, 3
Let c(m) = m**2 - 10*m + 12. Suppose 9*d = 114 - 204. What are the prime factors of c(d)?
2, 53
Let i(r) = -3386*r + 1227. List the prime factors of i(-7).
97, 257
Let f(w) = w**2 + 7*w - 5. Let k be f(-8). Suppose 2*p = 3*i - 1525, -10*i + 7*i + 1524 = -k*p. What are the prime factors of i?
509
Let q be 2/(-16)*2*(-19 + 3). Suppose -874 = -s + 4*g, q*s + 270 - 3856 = -2*g. List the prime factors of s.
2, 3, 149
Suppose -48 = 4*w - 20*w. Suppose w*n - 3045 = -t + 5*t, -2*n + 2023 = -5*t. List the prime factors of n.
1019
Let d(g) = g**3 + 8*g**2 - 10*g + 8. Let h be d(-9). Let c(n) = n**2 - 14*n + 40. Let y be c(7). Let t = h + y. What are the prime factors of t?
2
Let p(w) = 2*w**2 + 46*w - 20. Let y(i) = -i**2 - 31*i - 215. Let m be y(-23). What are the prime factors of p(m)?
2, 7, 17
Suppose 0 = -3*z + 4*h + 256, 0 = 2*z - h - 2*h - 170. Suppose -7*k + 10 + z = 0. List the prime factors of (-2 - -1) + 4 - (k - 143).
2, 3, 11
Let x(a) = -a**3 + 14*a**2 - 16. Suppose 4*f - h = 43, -2*f + 26 - 12 = 2*h. List the prime factors of x(f).
2, 3
Suppose -72*j + 64*j + 184 = 0. Suppose 24*x - 63 = j*x. List the prime factors of x.
3, 7
Suppose 0 = -9*o + 4*o + z - 1, -o - 3 = -3*z. Let s(a) = 59 - a + 23*a**3 - 24*a**3 - 3*a**2 + 2*a**2. What are the prime factors of s(o)?
59
Let z(m) = -m + 10. Let t be z(4). Suppose -24 + 6 = -t*a. Suppose o - 4*u - 105 = 30, -a*o + 325 = 4*u. List the prime factors of o.
5, 23
Suppose -12*a = a - 897. Suppose 0 = -5*d - 4*f, 5*d + f = -0*d + 15. What are the prime factors of d/(-28)*-7 - (0 - a)?
2, 5, 7
Let u = 49 + -44. Suppose -324 = a - u*a + 4*k, -4*a + 3*k + 321 = 0. What are the prime factors of a?
2, 3, 13
Suppose -385596 = -29*y + 414311. What are the prime factors of y?
27583
Let x = 1682 + -1080. Let t = -208 + x. List the prime factors of t.
2, 197
Let y(d) = 9*d + 104. Let l be y(-11). Suppose 5*q - 3507 = -3*x, -3*x + 1214 - 4697 = -l*q. List the prime factors of q.
3, 233
Let i(d) = -d**2 + 2*d - 1. Let f(v) = -35*v**2 - v - 57. Let h(s) = -f(s) + 5*i(s). List the prime factors of h(-5).
3, 83
Suppose -2*y - 5*t = -93612, -3*y + 140418 = -158*t + 156*t. List the prime factors of y.
2, 3, 29, 269
Let t be (-1250)/(-1) + 44 + -52. Suppose -2*m + t = 2*z - 378, -1632 = -2*z + 2*m. What are the prime factors of z?
3, 271
Let v(l) = 4*l**3 - 78*l**2 + 65*l + 371. List the prime factors of v(35).
2, 7, 401
Let j(w) = -w**2 + w + 28. Let v(c) = -c**2 + 11*c - 9. Let i be v(11). Let y be j(i). Let u = 128 - y. What are the prime factors of u?
2, 5, 19
Suppose 3*o + 22 + 1328 = 0. Let a = 901 + o. What are the prime factors of a?
11, 41
Let p be 0/(-4) - -4 - -2863. Let i = -6201 + p. List the prime factors of i/(-18) - 38/171.
5, 37
Suppose 81 = -48*p + 57*p. Let o(u) = 13*u**2 - 6*u - 30. What are the prime factors of o(p)?
3, 17, 19
Let q = 77 + -75. Suppose q*g = 4*z + 3*g - 1150, -5*z - 3*g = -1434. List the prime factors of z.
2, 3
Let h = 19096 - 7757. What are the prime factors of h?
17, 23, 29
Let t(j) = -2*j + 94. Let v be t(43). Suppose -4*f = -5*u + 2260, -v*u + f = -7*u - 453. What are the prime factors of u?
2, 7
Let h be -1 - (1 - 1) - -34. Let n(g) = 8 - 14 - 55*g**2 + h*g + 54*g**2 - 13. List the prime factors of n(10).
211
Suppose -5*s + 5*w + 81 = -s, 5*s = -4*w + 50. Suppose s*p = 1582 + 504. List the prime factors of p.
149
Let w = -63400 - -128913. What are the prime factors of w?
7, 191
List the prime factors of 2322/(-1032) + (-62133)/(-4).
3, 31, 167
Suppose -8279 = -12*v + 14053. What are the prime factors of v?
1861
Suppose -3*h = -2*x - 2*x - 64, -2*x - 22 = -h. Suppose h*t - 8*t + 504 = 0. What are the prime factors of (-140)/t*-75*(-2)/4?
5
Suppose 4 = -3*l - 4*s - 0, 8 = 4*l + 2*s. Suppose -15*b - 7448 = -29*b. List the prime factors of b/(-57)*(-102)/l.
2, 7, 17
Let d(g) = 13*g**2 - 34*g + 116. Suppose 7*u + 24 = 13*u. What are the prime factors of d(u)?
2, 47
Let f be -4 - 4 - -4 - 27. Let y = 32 + f. Let n(v) = 57*v**3 - v**2. What are the prime factors of n(y)?
2, 7
Suppose -3*v + 2*v - 5 = 0, -5*d + 133460 = 2*v. List the prime factors of d.
2, 3, 1483
Let y be 20 + 5*2/10. Let d = 47 - y. Let l = d - -86. List the prime factors of l.
2, 7
Suppose -2*f = -2*w + 3*f - 2, w - 12 = -4*f. Suppose 4*d = 3*d + w. What are the prime factors of d?
2
Suppose -12*o + 10*o + 3584 = 0. Suppose -16*q + o = -8*q. List the prime factors of q.
2, 7
Suppose -51*s + 375212 + 56245 = -145710. What are the prime factors of s?
11317
Suppose -358 = -2*o + 5*a, 74*o + 2*a = 77*o - 570. What are the prime factors of o?
2, 97
Let p(c) be the third derivative of -c**6/120 - c**5/60 - c**4/8 + 19*c**3/3 + 22*c**2. List the prime factors of p(-12).
2, 829
Suppose 4*u - 12 - 16 = 4*t, u + 5 = -3*t. Let b(g) = -g**2 + 2*g + 11. List the prime factors of b(u).
3
Let o be 2 + (40/24)/(10/18). Suppose 0 = -2*h - h + 3*l + 57, -4*l + 122 = 5*h. Suppose 3*z = t, 2*t - 2*z = o*t - h. What are the prime factors of t?
2, 3
Suppose -209*u = -211*u, 5*u = 3*v - 15822. What are the prime factors of v?
2, 3, 293
Let a be -3*(-3)/18*12. Let z(o) = 20*o**2 + 18*o + 23. What are the prime factors of z(a)?
23, 37
Suppose -4*k + 3*z = -56, k - 8 = -5*z + 6. Suppose -16*f = -k*f - 8. Suppose -3*v + 144 = -2*t, -150 = -5*v - f*t + 90. What are the prime factors of v?
2, 3
Suppose -170*c - 196794 = -196*c. What are the prime factors of c?
3, 29
Let u = 12 + -6. Let h = -8 - u. List the prime factors of (-1)/(-7) - (3 - (-1020)/h).
2, 5, 7
Let g(v) = 108*v - 273. What are the prime factors of g(8)?
3, 197
Suppose -9*l = -4*m - 69682, l - 22*m - 7737 = -27*m. List the prime factors of l.
2, 7, 79
Let p(u) = -6*u + 51. Let k be p(11). Let l be (-101)/3*k/5. Suppose -2*z = -l - 403. What are the prime factors of z?
2, 3, 7
Let f = 4611 - -3123. What are the prime factors of f?
2, 3, 1289
Suppose -96 = 6*q - 90. Let p(a) = 482*a**2 + 21*a + 20. List the prime factors of p(q).
13, 37
Let f(k) = k**3 + 19*k**2 + 2*k + 36. Let n be f(-19). What are the prime factors of 5/((-105)/(-10737)) + n/7?
7, 73
What are the prime factors of 3*(2156 - 4 - 4 - -9)?
3, 719
Suppose 0*b - 4426 - 16839 = -5*b. List the prime factors of b.
4253
Let y(z) = 408*z**2 + 6*z. What are the prime factors of y(-1)?
2, 3, 67
Suppose -40*p = -38*p + 270. Suppose -3*r - 190 = -4*y + 700, 0 = 3*y - 2*r - 667. Let d = y + p. What are the prime factors of d?
2, 43
Let h(k) = 155*k**3 + k + 2. Let w(z) = -z**2 - 6*z + 6. Let b be w(-7). Let t be h(b). List the prime factors of (-32)/16 - (-1 - t)/(-1).
151
Let r = 38 - 39. Let g be (r - 0)*1 - (-2 - 26). Let o = g + 58. List the prime factors of o.
5, 17
Let p(h) = 37*h**2 - 18*h + 41. Let u be p(5). Let c = u - 418. What are the prime factors of c?
2, 229
Let g(m) be the first derivative of -43*m**2/2 - 7*m - 3. Let h(n) = 86*n + 15. Let k(r) = -13*g